when 7 is divided by 26/8*r + 93/(-62).
2
Suppose -5*b = -5*z + 290, 11*b + 10 = 16*b. Suppose 2*j = z + 96. What is the remainder when j is divided by 10?
8
What is the remainder when 3*(-2 + 6*(-205)/(-45)) is divided by 14?
6
Suppose 3*o + 9 = b + 5, 0 = -5*o + b - 10. Let n(q) = -9*q - 6. Calculate the remainder when n(o) is divided by 18.
3
What is the remainder when 4041 is divided by (-4)/18 - -125*391/1035?
46
Suppose 3*m + 48 = 21. Let f be (-4)/(-16)*4*m. Let i = 26 + f. Calculate the remainder when 50 is divided by i.
16
Suppose 0 = k + o - 2*o - 1, 2 = -5*k - 2*o. Suppose k = -0*j - 4*j + 704. What is the remainder when j is divided by 59?
58
Suppose 16*q = -10*q + 14*q + 396. Suppose -2*j - 3*o + 25 = 0, 0 = j + j - 2*o - 40. What is the remainder when q is divided by j?
16
Suppose 744 = -175*w + 187*w. Let u = -6 - -30. Calculate the remainder when w is divided by u.
14
Let q(m) = 142*m**3 - m**2 + 1. Let w be q(1). Let r = w + -46. Calculate the remainder when r is divided by 14.
12
Let j = -1195 + 1340. Calculate the remainder when 1015 is divided by j.
0
Suppose -57*c + 59*c - 6673 = -3*n, 11180 = 5*n - 5*c. Calculate the remainder when n is divided by 72.
69
Let p(l) = 294*l - 3537. What is the remainder when p(15) is divided by 128?
105
Let t(k) = -2*k**2 + 48*k - 186. Let d be t(19). Suppose -d*v = 0, -v = 4*x + 54 - 158. Calculate the remainder when 103 is divided by x.
25
Suppose -7*p + 10*p = 762. Let f be 6/10 + p*(-2)/(-20). Suppose -4*q + 26 = -f. Calculate the remainder when 51 is divided by q.
12
Let j(v) = 62*v**2 + 491*v + 2892. What is the remainder when j(-6) is divided by 39?
33
Suppose 10 = r + 3*m, -2*m = 2*r - 0*m - 20. Let a(h) = 9*h - h**3 + 24 + 355*h**2 + 0*h**3 - 365*h**2. Calculate the remainder when a(-11) is divided by r.
6
Let z = 13391 - 13388. Calculate the remainder when 2305 is divided by z.
1
Let k = -160 - -396. Suppose 2*h + k = 12. Let m = -106 - h. What is the remainder when m is divided by 3?
0
Suppose 336*v = 224*v + 50960. What is the remainder when v is divided by 48?
23
Suppose 2*b - 54 = 5*d, 542 = 12*b + 5*b - d. What is the remainder when b is divided by 38/3 + (-6)/9?
8
Suppose -4*k + 2*k = -10. Suppose -1 = -k*o - 26. Let d(l) = l**2 - 1. What is the remainder when d(o) is divided by 7?
3
Suppose 6 = 3*g - 42. Suppose g = -0*j + 4*j. Suppose -j*u = -6 - 46. Calculate the remainder when 23 is divided by u.
10
Let q be (-872)/(-32) + (-2)/8. Suppose -q = 2*o - 5*o. What is the remainder when 255/10*12/o is divided by 5?
4
Let q(r) be the first derivative of -r**2/2 + 49*r + 6. Calculate the remainder when q(-20) is divided by 38.
31
Suppose -22*r + 266 = 11*r - 19*r. What is the remainder when 1570 is divided by r?
12
Let y(f) = 3*f**2 - 24*f - 15. Let t be y(14). Suppose 2*u = -t + 629. What is the remainder when u is divided by 11?
9
Let o = -580 + 2872. What is the remainder when o is divided by 572?
4
Calculate the remainder when (-180)/(-252) + (-74945)/(-35) is divided by 67.
65
Let a(b) = -60*b + 393. Calculate the remainder when a(5) is divided by 26.
15
Let i(v) = -v + 27. Let n = -8275 + 8377. What is the remainder when n is divided by i(0)?
21
Suppose 0 = -8*t + 199 + 281. Suppose 2*p - 56 = 2*v, 0 = -3*p - 0*v + v + 90. Calculate the remainder when t is divided by p.
29
Let m(q) = 48 - 54*q - 26 + q**3 - 15*q**2 - 48 - q**2. Calculate the remainder when 138 is divided by m(19).
14
Let o = -8184 + 8211. Let g(f) = -f**2 + 7*f - 4. What is the remainder when o is divided by g(5)?
3
Let i = -57 - -2. Let y = 60 + i. Suppose -5*b = -p - 16 - 5, -5*b - y*p + 45 = 0. Calculate the remainder when 19 is divided by b.
4
Suppose 0 = 14*k - 20*k + 30. Suppose -k*b - b = -102. What is the remainder when 237 is divided by b?
16
What is the remainder when 1194 is divided by 2 - (170/17 + -13)?
4
Suppose -12 - 42 = -18*w. Calculate the remainder when (w*20/(-12))/(2/(-254)) is divided by 53.
52
Let t(l) be the third derivative of -l**6/120 + l**5/10 - l**4/6 + l**3 + 4*l**2 - 7*l. What is the remainder when 80 is divided by t(5)?
3
Suppose 141*r = 142*r - 5*f - 329, -2*r + 673 = 5*f. What is the remainder when 340 is divided by r?
6
Let s(b) = 5*b**2 - 211*b - 140. Calculate the remainder when 50/((-39)/15 + 3) is divided by s(43).
29
Let u = -4823 - -5214. Calculate the remainder when u is divided by 26.
1
Suppose 5*g = -2*u + 612, 608 + 953 = 5*u - 3*g. What is the remainder when u is divided by 65?
51
Suppose 2*u + 216 = 2*n - 4*n, 4*n = -2*u - 212. Let g = 524 - 393. Let t = u + g. Calculate the remainder when t is divided by 14.
7
Let x(d) = d**2 - 4*d + 7. Let k = -24 - -38. Let w = 18 - k. Calculate the remainder when 12 is divided by x(w).
5
Let r(a) = a**3 - 12*a**2 - 3*a - 55. What is the remainder when 466 is divided by r(13)?
16
Let k = 75 - 69. Calculate the remainder when 50 is divided by -1 - ((-1)/(k/198) - 2).
16
Suppose -4*f = 5*t - 121, -t = 146*f - 149*f + 86. Calculate the remainder when 380 is divided by f.
3
Suppose -3230 = -152*f + 57*f. What is the remainder when 435 is divided by f?
27
Let o = 178 - -10. Suppose 0 = 2*a + 2*n - 72, o = 2*a + 3*a - 3*n. Suppose -s - 4*s = 25, -2*s - 90 = -4*h. Calculate the remainder when a is divided by h.
17
Calculate the remainder when 117/91 + 4/(-14) + 3286 is divided by 24.
23
Let c(y) = -4*y + 10. Let u(r) = r + 2. Let x be u(-6). Let s be c(x). Calculate the remainder when 36 is divided by (s/4)/(5/10).
10
Let y = 41 + -18. Let o(l) = 84*l**2 + 17*l - 2. Calculate the remainder when o(-1) is divided by y.
19
Let o(n) = -2*n**3 + 39*n**2 - 18*n - 33. Let x be o(19). Calculate the remainder when 181 is divided by (-640)/x + 4/14.
43
What is the remainder when -16 + 14 + 131 - (0 - (8 + -2)) is divided by 69?
66
Suppose -2*y + 565*i - 570*i = -961, -y + 5*i + 458 = 0. What is the remainder when 1712 is divided by y?
293
Let w(j) = j**3 + 7*j**2 - 48*j - 17. Let h be w(-11). Suppose -x - h*x + 1120 = 0. What is the remainder when x is divided by 10?
0
Let n(o) = 14*o**2 - 44*o - 16. Let k(m) = 12*m**2 - 43*m - 17. Let t(g) = 6*k(g) - 5*n(g). Calculate the remainder when 304 is divided by t(21).
56
Suppose 529*v + 10812 = 568*v + 2739. What is the remainder when 481 is divided by v?
67
Suppose 457*h - 289706 = 486065 - 218231. Calculate the remainder when h is divided by 596.
28
Calculate the remainder when (2/(-11) - 26528/(-704))*12 is divided by 3.
0
Let a = 2667 - 2617. What is the remainder when 250 is divided by a?
0
Let w be 21/7 + 5 + -4. Calculate the remainder when 28 is divided by (w - 1) + (-13 - -17).
0
Let a = 18209 - 18176. What is the remainder when 3075 is divided by a?
6
What is the remainder when 942 is divided by ((-2)/2)/(128/230 - (-264)/(-440))?
22
Let c = 28 - 24. Suppose -s - h = -19, c*h + 33 = 5*s - 53. What is the remainder when 51 is divided by s?
15
Suppose 3*i - 781 = 2*u + 824, -4*i - 2*u = -2140. Calculate the remainder when i is divided by 77.
73
Let j = 54 - 54. Suppose 5*z + 3*b - 75 = j, -61 = -2*z - 3*b + 8*b. Suppose 14*k - 11*k = z. Calculate the remainder when 15 is divided by k.
3
Let c = 28099 + -21536. Calculate the remainder when c is divided by 30.
23
Let p(a) = 34*a**2 - 233*a - 13. Calculate the remainder when p(10) is divided by 118.
113
Suppose -77*b + 75*b = -3*l + 134, 0 = -5*b + 25. What is the remainder when 470 is divided by l?
38
Suppose 137*r - 66*r - 12558 = 57*r. Calculate the remainder when r is divided by 20.
17
Let v = -213 + 218. Let o be (-1)/(-4) - 1150/(-8). Suppose -o = -v*n - n. Calculate the remainder when n is divided by 9.
6
Suppose -5*q + 642 + 550 = f, 5*q - 5*f - 1180 = 0. Suppose 244*y - 132 = q*y. What is the remainder when 42 is divided by y?
20
Suppose 14155 = 23*h + 13258. Suppose -4*r + 12 = -0*r. Calculate the remainder when h is divided by r.
0
Let w be 430/4 + 14/(-4). Suppose -18*f - w = -26*f. Calculate the remainder when 35 is divided by f.
9
What is the remainder when 9/(-1) + (-147280)/(-70) is divided by 95?
5
Let l be 2/1*(-4 - -13). Let i = 1040 + -1026. Calculate the remainder when i is divided by 102/l + (-4)/6.
4
Let z(r) = 109*r + 565. Calculate the remainder when 120 is divided by z(-5).
0
Suppose 0 = 18*g - 27*g + 18. Suppos